{"id":28,"date":"2021-01-14T20:19:58","date_gmt":"2021-01-14T20:19:58","guid":{"rendered":"http:\/\/www.gasservis.cz\/?page_id=28"},"modified":"2024-04-28T19:00:48","modified_gmt":"2024-04-28T19:00:48","slug":"uvod","status":"publish","type":"page","link":"https:\/\/www.gasservis.cz\/","title":{"rendered":"\u00favod"},"content":{"rendered":"\t\t<div data-elementor-type=\"wp-page\" data-elementor-id=\"28\" class=\"elementor elementor-28\">\n\t\t\t\t\t\t<section class=\"elementor-section elementor-top-section elementor-element elementor-element-15a10d2 elementor-section-boxed elementor-section-height-default elementor-section-height-default\" data-id=\"15a10d2\" data-element_type=\"section\">\n\t\t\t\t\t\t<div class=\"elementor-container elementor-column-gap-default\">\n\t\t\t\t\t<div class=\"elementor-column elementor-col-100 elementor-top-column elementor-element elementor-element-e866000\" data-id=\"e866000\" data-element_type=\"column\">\n\t\t\t<div class=\"elementor-widget-wrap elementor-element-populated\">\n\t\t\t\t\t\t<div class=\"elementor-element elementor-element-da181e4 elementor-widget elementor-widget-text-editor\" data-id=\"da181e4\" data-element_type=\"widget\" data-widget_type=\"text-editor.default\">\n\t\t\t\t<div class=\"elementor-widget-container\">\n\t\t\t\t\t\t\t<p><strong>O n\u00e1s &#8230;.<\/strong><br \/>\u00a0 \u00a0 \u00a0 \u00a0 \u00a0Na\u0161e spole\u010dnost byla zalo\u017eena v roce 1990 a v roce 2009 byla transformov\u00e1na na spole\u010dnost<br \/>s ru\u010den\u00edm omezen\u00fdm a vystupuje pod obchodn\u00edm n\u00e1zvem <strong>GASSERVIS \u2013 \u00dast\u00ed n. L. s.r.o.<\/strong> S\u00eddlo<br \/>firmy, provozn\u00ed kancel\u00e1\u0159, sklady a d\u00edlensk\u00e9 prostory se nach\u00e1zej\u00ed na adrese: Gagarinova 19, 400 11<br \/>\u00dast\u00ed nad Labem.<br \/>\u00a0 \u00a0 \u00a0 \u00a0 Od sv\u00e9ho vzniku se zab\u00fdv\u00e1 v\u00fdstavbou nov\u00fdch, ale i rekonstrukc\u00edch star\u00fdch rozvod\u016f vody,<br \/>plynu a topen\u00ed. Mont\u00e1\u017en\u00ed pr\u00e1ce jsou prov\u00e1d\u011bny v\u00fdhradn\u011b pracovn\u00edky s odpov\u00eddaj\u00edc\u00ed odbornou<br \/>kvalifikac\u00ed a pouze z kvalitn\u00edch materi\u00e1l\u016f schv\u00e1len\u00fdch st\u00e1tn\u00ed zku\u0161ebnou.<br \/>\u00a0 \u00a0 \u00a0 \u00a0 Od roku 2010 se firma za\u010dala zab\u00fdvat stavebn\u00edmi pracemi a spolupod\u00edl\u00ed se na v\u00fdstavb\u00e1ch<br \/>rodinn\u00fdch domu, administrativn\u00edch objekt\u016f, n\u00e1kupn\u00edch a obchodn\u00edch center. Dnes m\u00e1 na\u0161e firma<br \/>vy\u0161kolen\u00fd t\u00fdm odborn\u00edk\u016f pro jednotliv\u00e9 profese, v kter\u00fdch podnik\u00e1me.<br \/>P\u016fsobnost na\u0161\u00ed firmy je cel\u00e9 \u00fazem\u00ed \u010cR. Pro sv\u00e9 z\u00e1kazn\u00edky poskytujeme <strong>non-stop<\/strong><br \/>pohotovostn\u00ed slu\u017ebu.<br \/>\u00a0 \u00a0 \u00a0 \u00a0 Proti p\u0159\u00edpadn\u00e9 \u0161kod\u011b zp\u016fsoben\u00e9 z\u00e1kazn\u00edkovi p\u0159i vykon\u00e1v\u00e1n\u00ed mont\u00e1\u017en\u00edch prac\u00ed je na\u0161e firma<br \/>poji\u0161t\u011bna do v\u00fd\u0161e 10 000 000,- K\u010d.<\/p>\t\t\t\t\t\t<\/div>\n\t\t\t\t<\/div>\n\t\t\t\t\t<\/div>\n\t\t<\/div>\n\t\t\t\t\t<\/div>\n\t\t<\/section>\n\t\t\t\t<\/div>\n\t\t","protected":false},"excerpt":{"rendered":"<p>O n\u00e1s &#8230;. Na\u0161e spole\u010dnost byla zalo\u017eena v roce 1990 a v roce 2009 byla transformov\u00e1na na spole\u010dnost s ru\u010den\u00edm omezen\u00fdm a vystupuje pod obchodn\u00edm n\u00e1zvem GASSERVIS \u2013 \u00dast\u00ed n. L. s.r.o. S\u00eddlo firmy, provozn\u00ed kancel\u00e1\u0159, sklady a d\u00edlensk\u00e9 prostory se nach\u00e1zej\u00ed na adrese: Gagarinova &hellip; <\/p>\n","protected":false},"author":1,"featured_media":0,"parent":0,"menu_order":0,"comment_status":"closed","ping_status":"closed","template":"","meta":{"footnotes":""},"yoast_head":"<!-- This site is optimized with the Yoast SEO plugin v22.5 - https:\/\/yoast.com\/wordpress\/plugins\/seo\/ -->\n<title>GASSERVIS - \u00dast\u00ed n. L. s.r.o. anhydrit cementov\u00e9 podlahy topen\u00ed plyn<\/title>\n<meta name=\"robots\" content=\"index, follow, max-snippet:-1, max-image-preview:large, max-video-preview:-1\" \/>\n<link rel=\"canonical\" href=\"https:\/\/www.gasservis.cz\/\" \/>\n<meta property=\"og:locale\" content=\"cs_CZ\" \/>\n<meta property=\"og:type\" content=\"article\" \/>\n<meta property=\"og:title\" content=\"GASSERVIS - \u00dast\u00ed n. L. s.r.o. anhydrit cementov\u00e9 podlahy topen\u00ed plyn\" \/>\n<meta property=\"og:description\" content=\"O n\u00e1s &#8230;. Na\u0161e spole\u010dnost byla zalo\u017eena v roce 1990 a v roce 2009 byla transformov\u00e1na na spole\u010dnost s ru\u010den\u00edm omezen\u00fdm a vystupuje pod obchodn\u00edm n\u00e1zvem GASSERVIS \u2013 \u00dast\u00ed n. L. s.r.o. S\u00eddlo firmy, provozn\u00ed kancel\u00e1\u0159, sklady a d\u00edlensk\u00e9 prostory se nach\u00e1zej\u00ed na adrese: Gagarinova &hellip;\" \/>\n<meta property=\"og:url\" content=\"https:\/\/www.gasservis.cz\/\" \/>\n<meta property=\"og:site_name\" content=\"gasservis.cz\" \/>\n<meta property=\"article:modified_time\" content=\"2024-04-28T19:00:48+00:00\" \/>\n<meta name=\"twitter:card\" content=\"summary_large_image\" \/>\n<meta name=\"twitter:label1\" content=\"Odhadovan\u00e1 doba \u010dten\u00ed\" \/>\n\t<meta name=\"twitter:data1\" content=\"1 minuta\" \/>\n<script type=\"application\/ld+json\" class=\"yoast-schema-graph\">{\"@context\":\"https:\/\/schema.org\",\"@graph\":[{\"@type\":\"WebPage\",\"@id\":\"https:\/\/www.gasservis.cz\/\",\"url\":\"https:\/\/www.gasservis.cz\/\",\"name\":\"GASSERVIS - \u00dast\u00ed n. L. s.r.o. anhydrit cementov\u00e9 podlahy topen\u00ed plyn\",\"isPartOf\":{\"@id\":\"https:\/\/www.gasservis.cz\/#website\"},\"datePublished\":\"2021-01-14T20:19:58+00:00\",\"dateModified\":\"2024-04-28T19:00:48+00:00\",\"breadcrumb\":{\"@id\":\"https:\/\/www.gasservis.cz\/#breadcrumb\"},\"inLanguage\":\"cs\",\"potentialAction\":[{\"@type\":\"ReadAction\",\"target\":[\"https:\/\/www.gasservis.cz\/\"]}]},{\"@type\":\"BreadcrumbList\",\"@id\":\"https:\/\/www.gasservis.cz\/#breadcrumb\",\"itemListElement\":[{\"@type\":\"ListItem\",\"position\":1,\"name\":\"Dom\u016f\",\"item\":\"https:\/\/www.gasservis.cz\/\"},{\"@type\":\"ListItem\",\"position\":2,\"name\":\"\u00favod\"}]},{\"@type\":\"WebSite\",\"@id\":\"https:\/\/www.gasservis.cz\/#website\",\"url\":\"https:\/\/www.gasservis.cz\/\",\"name\":\"gasservis.cz\",\"description\":\"revizn\u00ed a mont\u00e1\u017en\u00ed pr\u00e1ce\",\"publisher\":{\"@id\":\"https:\/\/www.gasservis.cz\/#organization\"},\"potentialAction\":[{\"@type\":\"SearchAction\",\"target\":{\"@type\":\"EntryPoint\",\"urlTemplate\":\"https:\/\/www.gasservis.cz\/?s={search_term_string}\"},\"query-input\":\"required name=search_term_string\"}],\"inLanguage\":\"cs\"},{\"@type\":\"Organization\",\"@id\":\"https:\/\/www.gasservis.cz\/#organization\",\"name\":\"GASSERVIS - \u00dast\u00ed n. L. s.r.o.\",\"url\":\"https:\/\/www.gasservis.cz\/\",\"logo\":{\"@type\":\"ImageObject\",\"inLanguage\":\"cs\",\"@id\":\"https:\/\/www.gasservis.cz\/#\/schema\/logo\/image\/\",\"url\":\"https:\/\/www.gasservis.cz\/wp-content\/uploads\/2021\/01\/logo-s.r.o.-1-scaled.jpg\",\"contentUrl\":\"https:\/\/www.gasservis.cz\/wp-content\/uploads\/2021\/01\/logo-s.r.o.-1-scaled.jpg\",\"width\":2560,\"height\":678,\"caption\":\"GASSERVIS - \u00dast\u00ed n. L. s.r.o.\"},\"image\":{\"@id\":\"https:\/\/www.gasservis.cz\/#\/schema\/logo\/image\/\"}}]}<\/script>\n<!-- \/ Yoast SEO plugin. -->","yoast_head_json":{"title":"GASSERVIS - \u00dast\u00ed n. L. s.r.o. anhydrit cementov\u00e9 podlahy topen\u00ed plyn","robots":{"index":"index","follow":"follow","max-snippet":"max-snippet:-1","max-image-preview":"max-image-preview:large","max-video-preview":"max-video-preview:-1"},"canonical":"https:\/\/www.gasservis.cz\/","og_locale":"cs_CZ","og_type":"article","og_title":"GASSERVIS - \u00dast\u00ed n. L. s.r.o. anhydrit cementov\u00e9 podlahy topen\u00ed plyn","og_description":"O n\u00e1s &#8230;. Na\u0161e spole\u010dnost byla zalo\u017eena v roce 1990 a v roce 2009 byla transformov\u00e1na na spole\u010dnost s ru\u010den\u00edm omezen\u00fdm a vystupuje pod obchodn\u00edm n\u00e1zvem GASSERVIS \u2013 \u00dast\u00ed n. L. s.r.o. S\u00eddlo firmy, provozn\u00ed kancel\u00e1\u0159, sklady a d\u00edlensk\u00e9 prostory se nach\u00e1zej\u00ed na adrese: Gagarinova &hellip;","og_url":"https:\/\/www.gasservis.cz\/","og_site_name":"gasservis.cz","article_modified_time":"2024-04-28T19:00:48+00:00","twitter_card":"summary_large_image","twitter_misc":{"Odhadovan\u00e1 doba \u010dten\u00ed":"1 minuta"},"schema":{"@context":"https:\/\/schema.org","@graph":[{"@type":"WebPage","@id":"https:\/\/www.gasservis.cz\/","url":"https:\/\/www.gasservis.cz\/","name":"GASSERVIS - \u00dast\u00ed n. L. s.r.o. anhydrit cementov\u00e9 podlahy topen\u00ed plyn","isPartOf":{"@id":"https:\/\/www.gasservis.cz\/#website"},"datePublished":"2021-01-14T20:19:58+00:00","dateModified":"2024-04-28T19:00:48+00:00","breadcrumb":{"@id":"https:\/\/www.gasservis.cz\/#breadcrumb"},"inLanguage":"cs","potentialAction":[{"@type":"ReadAction","target":["https:\/\/www.gasservis.cz\/"]}]},{"@type":"BreadcrumbList","@id":"https:\/\/www.gasservis.cz\/#breadcrumb","itemListElement":[{"@type":"ListItem","position":1,"name":"Dom\u016f","item":"https:\/\/www.gasservis.cz\/"},{"@type":"ListItem","position":2,"name":"\u00favod"}]},{"@type":"WebSite","@id":"https:\/\/www.gasservis.cz\/#website","url":"https:\/\/www.gasservis.cz\/","name":"gasservis.cz","description":"revizn\u00ed a mont\u00e1\u017en\u00ed pr\u00e1ce","publisher":{"@id":"https:\/\/www.gasservis.cz\/#organization"},"potentialAction":[{"@type":"SearchAction","target":{"@type":"EntryPoint","urlTemplate":"https:\/\/www.gasservis.cz\/?s={search_term_string}"},"query-input":"required name=search_term_string"}],"inLanguage":"cs"},{"@type":"Organization","@id":"https:\/\/www.gasservis.cz\/#organization","name":"GASSERVIS - \u00dast\u00ed n. L. s.r.o.","url":"https:\/\/www.gasservis.cz\/","logo":{"@type":"ImageObject","inLanguage":"cs","@id":"https:\/\/www.gasservis.cz\/#\/schema\/logo\/image\/","url":"https:\/\/www.gasservis.cz\/wp-content\/uploads\/2021\/01\/logo-s.r.o.-1-scaled.jpg","contentUrl":"https:\/\/www.gasservis.cz\/wp-content\/uploads\/2021\/01\/logo-s.r.o.-1-scaled.jpg","width":2560,"height":678,"caption":"GASSERVIS - \u00dast\u00ed n. L. s.r.o."},"image":{"@id":"https:\/\/www.gasservis.cz\/#\/schema\/logo\/image\/"}}]}},"_links":{"self":[{"href":"https:\/\/www.gasservis.cz\/index.php\/wp-json\/wp\/v2\/pages\/28"}],"collection":[{"href":"https:\/\/www.gasservis.cz\/index.php\/wp-json\/wp\/v2\/pages"}],"about":[{"href":"https:\/\/www.gasservis.cz\/index.php\/wp-json\/wp\/v2\/types\/page"}],"author":[{"embeddable":true,"href":"https:\/\/www.gasservis.cz\/index.php\/wp-json\/wp\/v2\/users\/1"}],"replies":[{"embeddable":true,"href":"https:\/\/www.gasservis.cz\/index.php\/wp-json\/wp\/v2\/comments?post=28"}],"version-history":[{"count":16,"href":"https:\/\/www.gasservis.cz\/index.php\/wp-json\/wp\/v2\/pages\/28\/revisions"}],"predecessor-version":[{"id":403,"href":"https:\/\/www.gasservis.cz\/index.php\/wp-json\/wp\/v2\/pages\/28\/revisions\/403"}],"wp:attachment":[{"href":"https:\/\/www.gasservis.cz\/index.php\/wp-json\/wp\/v2\/media?parent=28"}],"curies":[{"name":"wp","href":"https:\/\/api.w.org\/{rel}","templated":true}]}}